{"id":7624,"date":"2011-03-18T00:36:01","date_gmt":"2011-03-18T04:36:01","guid":{"rendered":"http:\/\/k-rlitos.com\/blog\/?page_id=7624"},"modified":"2011-10-31T17:19:22","modified_gmt":"2011-10-31T20:19:22","slug":"easy-windows-style-designer","status":"publish","type":"page","link":"https:\/\/k-rlitos.com\/blog\/?page_id=7624","title":{"rendered":"Easy Windows Style Designer"},"content":{"rendered":"<p>Si buscas el c\u00f3digo, haz clic\u00a0<a href=\"?page_id=4547\">AQU\u00cd<\/a><\/p>\n<p>Con este programa podr\u00e1s crear tus temas para Windows Vista y Windows Seven de forma f\u00e1cil, sin hacer tantas vueltas con diversos programas como photoshop, StyleBuilder, etc&#8230;<\/p>\n<p>A continuaci\u00f3n un par de videos de la evoluci\u00f3n del programa:<\/p>\n<p>Versi\u00f3n Alpha 1:<\/p>\n<p><object width=\"560\" height=\"349\" classid=\"clsid:d27cdb6e-ae6d-11cf-96b8-444553540000\" codebase=\"http:\/\/download.macromedia.com\/pub\/shockwave\/cabs\/flash\/swflash.cab#version=6,0,40,0\"><param name=\"allowFullScreen\" value=\"true\" \/><param name=\"allowscriptaccess\" value=\"always\" \/><param name=\"src\" value=\"http:\/\/www.youtube.com\/v\/YuIpSmYPqVg?fs=1&amp;hl=es_ES\" \/><param name=\"allowfullscreen\" value=\"true\" \/><embed width=\"560\" height=\"349\" type=\"application\/x-shockwave-flash\" src=\"http:\/\/www.youtube.com\/v\/YuIpSmYPqVg?fs=1&amp;hl=es_ES\" allowFullScreen=\"true\" allowscriptaccess=\"always\" allowfullscreen=\"true\" \/><\/object><\/p>\n<p>Versi\u00f3n Beta:<\/p>\n<p><object width=\"560\" height=\"349\" classid=\"clsid:d27cdb6e-ae6d-11cf-96b8-444553540000\" codebase=\"http:\/\/download.macromedia.com\/pub\/shockwave\/cabs\/flash\/swflash.cab#version=6,0,40,0\"><param name=\"allowFullScreen\" value=\"true\" \/><param name=\"allowscriptaccess\" value=\"always\" \/><param name=\"src\" value=\"http:\/\/www.youtube.com\/v\/nT9PrdTrUaA?fs=1&amp;hl=es_ES\" \/><param name=\"allowfullscreen\" value=\"true\" \/><embed width=\"560\" height=\"349\" type=\"application\/x-shockwave-flash\" src=\"http:\/\/www.youtube.com\/v\/nT9PrdTrUaA?fs=1&amp;hl=es_ES\" allowFullScreen=\"true\" allowscriptaccess=\"always\" allowfullscreen=\"true\" \/><\/object><\/p>\n<p>Versi\u00f3n Final 1.0<br \/>\n<iframe loading=\"lazy\" title=\"Demo Easy Windows Style Designer 1.0\" width=\"500\" height=\"281\" src=\"https:\/\/www.youtube.com\/embed\/QAiYJHLmgGA?feature=oembed\" frameborder=\"0\" allow=\"accelerometer; autoplay; clipboard-write; encrypted-media; gyroscope; picture-in-picture; web-share\" referrerpolicy=\"strict-origin-when-cross-origin\" allowfullscreen><\/iframe><\/p>\n<p>Permite crear estilos con im\u00e1genes simples, pudiendo agregar efecto de capa de suavizado, adem\u00e1s de tener numerosas opciones.<\/p>\n<p>Todos los estilos creados por este programa funcionan para Windows Vista y Windows 7 sin hacer pasos extras, adem\u00e1s puedes guardar el progreso de tu trabajo para poder editarlo m\u00e1s tarde o compartirlo por internet.<\/p>\n<p>&nbsp;<\/p>\n<p>Actualmente el programa sigue en desarrollo, aun que las opciones actuales se mantendr\u00e1n, solo se afinar\u00e1n los \u00faltimos detalles.<\/p>\n<p>&nbsp;<\/p>\n<p><span style=\"color: #ff0000;\">PD: La licencia en la Versi\u00f3n 1.0 no aplica, as\u00ed que omite el comentario de los d\u00edas para la versi\u00f3n full, pero si empezar\u00e1 a correr en la v2.o.<\/span><\/p>\n<p>&nbsp;<\/p>\n<p><table style=\"border: 1px solid #CCC;\" cellpadding=\"3\" width=\"100%\">\n  <tr>\n    <td width=\"35\">\n      <img decoding=\"async\" src=\"https:\/\/k-rlitos.com\/blog\/wp-content\/plugins\/downloads-manager-reload\/img\/icons\/setup.gif\">\n    <\/td>\n    <td>\n      <b>Descarga:<\/b> <a href=\"https:\/\/k-rlitos.com\/blog\/?file_id=660\">[Programa] Easy Windows Style Designer 1.1<\/a><br \/>\n      <b>Fecha subida:<\/b> 21\/02\/2011 <br \/>\n      <b>Clics:<\/b> 14512 <br \/>\n      <b>Descripci&oacute;n:<\/b> FileFactory (Descarga sin Esperas) <br \/>\n      <b>Promedio descargas diarias: <\/b>2.63 <br \/>\n    <\/td>\n  <\/tr>\n<\/table><br \/>\n<table style=\"border: 1px solid #CCC;\" cellpadding=\"3\" width=\"100%\">\n  <tr>\n    <td width=\"35\">\n      <img decoding=\"async\" src=\"https:\/\/k-rlitos.com\/blog\/wp-content\/plugins\/downloads-manager-reload\/img\/icons\/setup.gif\">\n    <\/td>\n    <td>\n      <b>Descarga:<\/b> <a href=\"https:\/\/k-rlitos.com\/blog\/?file_id=661\">[Programa] Easy Windows Style Designer 1.1<\/a><br \/>\n      <b>Fecha subida:<\/b> 21\/02\/2011 <br \/>\n      <b>Clics:<\/b> 10681 <br \/>\n      <b>Descripci&oacute;n:<\/b> Mediafire <br \/>\n      <b>Promedio descargas diarias: <\/b>1.93 <br \/>\n    <\/td>\n  <\/tr>\n<\/table><\/p>\n","protected":false},"excerpt":{"rendered":"<p>Si buscas el c\u00f3digo, haz clic\u00a0AQU\u00cd Con este programa podr\u00e1s crear tus temas para Windows Vista y Windows Seven de forma f\u00e1cil, sin hacer tantas vueltas con diversos programas como photoshop, StyleBuilder, etc&#8230; A continuaci\u00f3n un par de videos de la evoluci\u00f3n del programa: Versi\u00f3n Alpha 1: Versi\u00f3n Beta: Versi\u00f3n Final 1.0 Permite crear estilos [&hellip;]<\/p>\n","protected":false},"author":3,"featured_media":0,"parent":0,"menu_order":0,"comment_status":"open","ping_status":"closed","template":"","meta":{"footnotes":""},"class_list":["post-7624","page","type-page","status-publish","hentry"],"_links":{"self":[{"href":"https:\/\/k-rlitos.com\/blog\/index.php?rest_route=\/wp\/v2\/pages\/7624","targetHints":{"allow":["GET"]}}],"collection":[{"href":"https:\/\/k-rlitos.com\/blog\/index.php?rest_route=\/wp\/v2\/pages"}],"about":[{"href":"https:\/\/k-rlitos.com\/blog\/index.php?rest_route=\/wp\/v2\/types\/page"}],"author":[{"embeddable":true,"href":"https:\/\/k-rlitos.com\/blog\/index.php?rest_route=\/wp\/v2\/users\/3"}],"replies":[{"embeddable":true,"href":"https:\/\/k-rlitos.com\/blog\/index.php?rest_route=%2Fwp%2Fv2%2Fcomments&post=7624"}],"version-history":[{"count":6,"href":"https:\/\/k-rlitos.com\/blog\/index.php?rest_route=\/wp\/v2\/pages\/7624\/revisions"}],"predecessor-version":[{"id":7626,"href":"https:\/\/k-rlitos.com\/blog\/index.php?rest_route=\/wp\/v2\/pages\/7624\/revisions\/7626"}],"wp:attachment":[{"href":"https:\/\/k-rlitos.com\/blog\/index.php?rest_route=%2Fwp%2Fv2%2Fmedia&parent=7624"}],"curies":[{"name":"wp","href":"https:\/\/api.w.org\/{rel}","templated":true}]}}